at is the highest common divisor of 139973514 and 774?
258
What is the greatest common divisor of 2668 and 45021833?
667
Calculate the highest common factor of 39672 and 12550968.
2088
Calculate the greatest common factor of 27 and 11482161.
3
What is the greatest common divisor of 1581670150 and 200?
50
Calculate the greatest common factor of 3251622019 and 21106.
10553
What is the greatest common factor of 2327 and 1312441?
13
What is the highest common factor of 19618360 and 6080?
40
Calculate the highest common factor of 46807 and 53.
1
Calculate the highest common divisor of 5213 and 292000982.
5213
Calculate the greatest common divisor of 109816 and 10388.
1484
What is the greatest common divisor of 3405 and 177560535?
3405
Calculate the highest common factor of 88010 and 7127456.
1354
Calculate the greatest common divisor of 138 and 803252.
46
What is the greatest common divisor of 102218751 and 108?
9
Calculate the highest common divisor of 3336 and 359148756.
1668
Calculate the greatest common divisor of 1290198 and 111061.
2363
Calculate the highest common factor of 298842797 and 132.
11
Calculate the greatest common divisor of 119322 and 19026.
126
What is the greatest common factor of 16205 and 27245?
5
What is the greatest common factor of 33875 and 32557940?
1355
What is the highest common divisor of 1850 and 1691640?
370
What is the greatest common divisor of 68177795 and 399?
133
Calculate the highest common divisor of 22706100 and 14000.
100
What is the greatest common factor of 5011820 and 16720?
4180
What is the greatest common factor of 721685 and 9635?
235
What is the greatest common divisor of 14396 and 309438421?
3599
Calculate the greatest common factor of 875008 and 209920.
512
What is the greatest common factor of 184 and 532584734?
46
Calculate the highest common factor of 2333960 and 439560.
1480
What is the highest common divisor of 894 and 4086996?
6
Calculate the greatest common factor of 15504 and 420603.
57
What is the highest common divisor of 56344392 and 3744?
936
What is the greatest common factor of 1704 and 96126474?
426
What is the highest common factor of 39503149 and 70?
7
Calculate the highest common divisor of 12814 and 1862674.
86
Calculate the highest common factor of 309027585 and 705.
705
Calculate the highest common divisor of 554533 and 2107.
49
Calculate the highest common factor of 12356883 and 58443.
2541
What is the greatest common divisor of 130040870 and 10?
10
What is the highest common factor of 190526 and 11990846?
6146
Calculate the greatest common factor of 3312738 and 40482.
234
Calculate the greatest common divisor of 2506480 and 7600.
1520
Calculate the highest common divisor of 3270 and 85290.
30
What is the greatest common divisor of 42705 and 42237?
117
What is the highest common divisor of 2715 and 29443270?
905
What is the greatest common factor of 7517344 and 64?
32
What is the greatest common divisor of 17043 and 779133?
57
Calculate the highest common divisor of 9032 and 46976.
8
What is the greatest common factor of 3826956 and 121800?
2436
Calculate the greatest common divisor of 33580734 and 132.
66
Calculate the greatest common divisor of 767049842 and 130.
26
Calculate the highest common factor of 768 and 387750912.
768
Calculate the greatest common divisor of 216397781 and 21889.
3127
Calculate the highest common divisor of 84240 and 9911889.
1053
What is the highest common factor of 12570768 and 972?
108
Calculate the greatest common divisor of 583171003 and 943.
943
What is the greatest common factor of 1269 and 42402789?
423
Calculate the highest common divisor of 741087 and 82008.
603
What is the greatest common divisor of 3822 and 2409288?
42
Calculate the greatest common divisor of 15369696 and 12852.
108
Calculate the highest common divisor of 23384 and 6089016.
296
What is the greatest common divisor of 1645 and 876432970?
1645
Calculate the highest common divisor of 287738626 and 14.
14
Calculate the greatest common divisor of 48 and 1966144.
16
What is the highest common divisor of 23344236 and 5472?
684
What is the highest common factor of 11083660 and 31535?
595
Calculate the highest common divisor of 78777593 and 515.
103
Calculate the greatest common divisor of 590 and 29690.
10
Calculate the greatest common divisor of 11505730 and 2620.
1310
Calculate the highest common divisor of 18963 and 64715.
301
What is the highest common divisor of 15015 and 2414445?
165
Calculate the greatest common factor of 299902037 and 3657.
1219
What is the highest common divisor of 404887795 and 295?
295
Calculate the greatest common factor of 21328476 and 6084.
2028
What is the greatest common divisor of 39241528 and 16690?
3338
Calculate the greatest common divisor of 69817955 and 36795.
1115
Calculate the highest common divisor of 87281531 and 223.
223
What is the highest common divisor of 2100 and 57372?
84
What is the highest common divisor of 57735 and 1469925?
45
Calculate the highest common factor of 962 and 1631404.
74
Calculate the greatest common divisor of 821984 and 1530.
34
What is the greatest common factor of 531112220 and 940?
940
What is the highest common factor of 3186 and 9283914?
18
What is the highest common factor of 3342 and 9843304?
1114
What is the greatest common factor of 5205752 and 4736?
296
What is the greatest common divisor of 9156 and 583149?
21
Calculate the highest common factor of 648992 and 1139.
17
What is the greatest common factor of 1710492 and 441?
147
What is the greatest common factor of 48 and 85455528?
24
What is the highest common divisor of 128 and 63175792?
16
Calculate the highest common factor of 2178 and 1979550.
18
What is the greatest common factor of 59 and 166248312?
59
What is the greatest common divisor of 6018947 and 737?
11
What is the greatest common factor of 13376 and 702848?
1216
Calculate the greatest common divisor of 18514905 and 54920.
6865
Calculate the highest common factor of 1534721 and 12667.
53
What is the highest common divisor of 680 and 27526910?
170
What is the highest common factor of 11250 and 128526250?
1250
Calculate the highest common factor of 184990 and 109720.
130
What is the highest common factor of 8126545 and 2345?
35
What is the greatest common divisor of 38495444 and 3952?
988
Calculate the greatest common divisor of 11345 and 3031384.
2269
What is the highest common factor of 13592334 and 6?
6
What is the highest common divisor of 4302 and 7169283?
2151
Calculate the greatest common divisor of 15700836 and 96.
12
What is the greatest common factor of 3968 and 14467886?
62
Calculate the greatest common factor of 23187 and 5418383.
59
Calculate the highest common factor of 6 and 28093430.
2
Calculate the highest common factor of 112763070 and 63.
63
Calculate the greatest common factor of 10305450 and 1325.
25
Calculate the greatest common divisor of 2345 and 2528890.
35
What is the greatest common divisor of 740491 and 892875?
2381
What is the greatest common factor of 358945 and 245?
5
Calculate the highest common factor of 1122306947 and 2423.
2423
What is the highest common factor of 76704714 and 1756?
878
Calculate the greatest common factor of 4575 and 104005.
305
Calculate the greatest common factor of 1484 and 53376512.
1484
Calculate the greatest common divisor of 7200 and 5301.
9
Calculate the greatest common divisor of 253 and 4983847.
253
Calculate the greatest common factor of 802 and 47364115.
401
What is the highest common factor of 1614672 and 1368?
72
Calculate the greatest common divisor of 47657235 and 90.
15
Calculate the highest common factor of 1024983 and 36.
9
Calculate the highest common factor of 363 and 20419476.
363
Calculate the greatest common factor of 24464 and 206096.
176
Calculate the highest common factor of 80 and 996100.
20
What is the highest common factor of 144 and 181149?
3
What is the highest common divisor of 840 and 85640240?
280
What is the highest common divisor of 28077 and 979830?
573
What is the greatest common divisor of 42904 and 177224?
8
Calculate the highest common divisor of 12001 and 15279.
11
What is the greatest common divisor of 428 and 22470428?
428
What is the greatest common divisor of 40824022 and 278?
278
Calculat